{"id":12,"date":"2016-09-15T15:18:40","date_gmt":"2016-09-15T13:18:40","guid":{"rendered":"http:\/\/croixblanche74.fr\/wordpress\/?page_id=12"},"modified":"2023-12-02T19:33:19","modified_gmt":"2023-12-02T18:33:19","slug":"accueil","status":"publish","type":"page","link":"https:\/\/croixblanche74.fr\/?page_id=12","title":{"rendered":"QUI SOMMES NOUS ?"},"content":{"rendered":"<p><img decoding=\"async\" src=\"http:\/\/croixblanche74.fr\/wordpress\/wp-content\/uploads\/2016\/09\/EQUIPE-SECOURISTES-SFCB-HAUTE-SAVOIE-74.jpg\" alt=\"equipe-secouristes-sfcb-haute-savoie-74\"><\/p>\n<p class=\"p_justify\">Le comit\u00e9 d\u00e9partemental est rattach\u00e9 \u00e0 la F\u00e9d\u00e9ration des Secouristes Fran\u00e7ais Croix Blanche qui \u00e0 vue le jour en 1892, puis reconnue d\u2019utilit\u00e9 publique par d\u00e9cret minist\u00e9riel en date du 3 mars 1898.<\/p>\n<p>Le comit\u00e9 d\u00e9partemental de Haute Savoie est repr\u00e9sent\u00e9 par&nbsp;3 associations locales des Secouristes Fran\u00e7ais Croix Blanche activent sur ce d\u00e9partement et pr\u00e9sentent sur les communes suivantes :<\/p>\n<p>\u2022 Bassin Ann\u00e9cien<br \/>\n\u2022 Chamonix<br \/>\n\u2022&nbsp;Etrembi\u00e8res<\/p>\n<p>Chaque association locale est ind\u00e9pendante dans sa gestion, le comit\u00e9 d\u00e9partemental assure le lien entre les associations et nos organismes de tutelle (pr\u00e9fecture, f\u00e9d\u00e9ration\u2026) Nous sommes agr\u00e9e par la s\u00e9curit\u00e9 civile sous l\u2019agr\u00e9ment pr\u00e9fectoral n\u00b02009-3069.<br \/>\nL\u2019ensemble de ces associations repr\u00e9sentent 50 b\u00e9n\u00e9voles pour l\u2019ann\u00e9e 2016. Nos adh\u00e9rents sont qualifi\u00e9s et interviennent au travers de nos diff\u00e9rentes missions, un grand nombre d\u2019entre eux est issue du monde de la sant\u00e9 ou du secours professionnel.<\/p>\n<p>Une des vocations de notre association est l&rsquo;enseignement des gestes de secours au grand public ou aux secouristes en \u00e9quipe qu\u2019ils soient b\u00e9n\u00e9voles au sein de l\u2019association ou professionnel en \u00e9quipe et cela dans un cadre r\u00e9glementaire. Nous avons l&rsquo;obligation d&rsquo;assurer la formation continue de nos secouristes et de nos formateurs tous les ans afin qu&rsquo;ils restent performants et \u00e0 jour de tous les changements dans la r\u00e9glementation.<br \/>\nNous intervenons r\u00e9guli\u00e8rement sur le terrain au travers des diff\u00e9rents postes de secours o\u00f9 sont mis \u00e0 disposition des moyens humains et mat\u00e9riel aupr\u00e8s d\u2019organismes ayant besoin d&rsquo;assurer la s\u00e9curit\u00e9 du public ou des participants sur un lieu de manifestation.<\/p>\n<p>Le r\u00f4le des secouristes en poste peut s&rsquo;av\u00e9rer essentiel. De la rapidit\u00e9 de la mise en place des gestes d&rsquo;urgence d\u00e9pend souvent l&rsquo;\u00e9volution de l&rsquo;\u00e9tat de la victime. Ces postes n\u00e9cessitent la possession de moyens de secours tr\u00e8s co\u00fbteux (ambulance, v\u00e9hicule logistique, mat\u00e9riel de r\u00e9animation, mat\u00e9riel d&rsquo;immobilisation, radios, &#8230;).<br \/>\nL\u2019organisation des \u00e9quipes de secouristes pour pouvoir travailler dans des conditions d&rsquo;urgence demande des exercices fr\u00e9quents .En cas de catastrophe majeure, l&rsquo;appui d&rsquo;\u00e9quipes de secouristes entra\u00een\u00e9s et \u00e9quip\u00e9s est&nbsp;(et a d\u00e9j\u00e0 \u00e9t\u00e9) une aide pr\u00e9cieuse aupr\u00e8s des services de secours d\u00e9partementaux et nationaux.<\/p>\n","protected":false},"excerpt":{"rendered":"<p>Le comit\u00e9 d\u00e9partemental est rattach\u00e9 \u00e0 la F\u00e9d\u00e9ration des Secouristes Fran\u00e7ais Croix Blanche qui \u00e0 vue le jour en 1892,<\/p>\n","protected":false},"author":1,"featured_media":0,"parent":0,"menu_order":1,"comment_status":"closed","ping_status":"closed","template":"","meta":{"footnotes":""},"jetpack_sharing_enabled":true,"jetpack_shortlink":"https:\/\/wp.me\/P7U9IG-c","_links":{"self":[{"href":"https:\/\/croixblanche74.fr\/index.php?rest_route=\/wp\/v2\/pages\/12"}],"collection":[{"href":"https:\/\/croixblanche74.fr\/index.php?rest_route=\/wp\/v2\/pages"}],"about":[{"href":"https:\/\/croixblanche74.fr\/index.php?rest_route=\/wp\/v2\/types\/page"}],"author":[{"embeddable":true,"href":"https:\/\/croixblanche74.fr\/index.php?rest_route=\/wp\/v2\/users\/1"}],"replies":[{"embeddable":true,"href":"https:\/\/croixblanche74.fr\/index.php?rest_route=%2Fwp%2Fv2%2Fcomments&post=12"}],"version-history":[{"count":15,"href":"https:\/\/croixblanche74.fr\/index.php?rest_route=\/wp\/v2\/pages\/12\/revisions"}],"predecessor-version":[{"id":237,"href":"https:\/\/croixblanche74.fr\/index.php?rest_route=\/wp\/v2\/pages\/12\/revisions\/237"}],"wp:attachment":[{"href":"https:\/\/croixblanche74.fr\/index.php?rest_route=%2Fwp%2Fv2%2Fmedia&parent=12"}],"curies":[{"name":"wp","href":"https:\/\/api.w.org\/{rel}","templated":true}]}}